housands digit of f(40)?
2
Let r be 395/20 - (2 + (-65)/20). Suppose 0 = 7*b - 2*b - 250. Let d = b + r. What is the units digit of d?
1
Let j(v) = 4*v - 21. Let x be j(6). Suppose 8 = 2*f - 4*y, -5*f - x + 11 = -4*y. Suppose f = n + 7*n - 640. What is the units digit of n?
0
Suppose -22699 - 5806 = -5*o. Suppose 13*u - o = 4270. What is the hundreds digit of u?
7
Let m = -36 + 89. Let s = -48 + m. Suppose 3*v + 133 = n + s*v, -4*n = 3*v - 527. What is the units digit of n?
1
Suppose m = -4*n + 124, 2*m - 3*n - 84 = 186. Let a be -13 - (m/(-77) - (-4)/(-14)). What is the units digit of (-889)/a - 28/(-154)?
1
Suppose -4*f = -11 + 107. Let l = 12 - f. Suppose 0 = -7*y + 9*y - l. What is the units digit of y?
8
Let d = 265 + -283. Let k(n) = -48*n + 137. What is the hundreds digit of k(d)?
0
Suppose -12*v = -8*v - 1632. Suppose v = 14*p - 8*p. What is the tens digit of 868/6 - p/(-51)?
4
Suppose 2*h = -5*k - 2, 2*k - 5*k + 5 = -5*h. Suppose v + 5*b = -k*b + 460, 3*v = 2*b + 1295. What is the units digit of v?
5
Suppose 0 = 15*k - 26*k + 42240. Suppose -10*i - k = -30*i. What is the tens digit of i?
9
Let d = 500 - 328. Suppose 44*w + 1917 = -2615. Let k = w + d. What is the tens digit of k?
6
Let y = 3601 + -1046. What is the hundreds digit of y?
5
What is the thousands digit of (12/33)/((-9)/(-1589148))?
4
Let z = 7483 + -1628. What is the tens digit of z?
5
Let u be 6/(-20) - (-77624)/80. Suppose 3*i = 5*s - u - 774, -2*s + 4*i = -706. What is the units digit of s?
7
Suppose 0 = 3*m + 5*f + 3790, 2*f = 4*m - 2*m + 2516. What is the tens digit of m/30*27/(-2)?
6
Suppose 34*u - 20*u = -56*u + 1161230. What is the ten thousands digit of u?
1
What is the tens digit of (105/(12/4) - 4)/(1/482)?
4
Let d(g) = g**2 - 5*g - 4. Let n be d(6). Suppose -n*l = 3*w - 872, -3*l = 5*w - 1937 + 482. What is the hundreds digit of w?
2
Suppose 432*y - 10866060 = 92*y. What is the hundreds digit of y?
9
Suppose -h = 4*a - 436, 3*h = 8*h - 2*a - 2158. Let c(n) = 12*n + 15. Let j be c(17). What is the hundreds digit of (-4)/(-2 + h/j)?
1
Let t(p) = p**3 + 9*p**2 + 12. Suppose -4*n - 21 = 15. Let u be t(n). Suppose u*v + 0*v - 840 = 0. What is the units digit of v?
0
Let b(w) = -69*w - 98. Let j be b(-11). Suppose -2*c + j = -0*z + 3*z, 2*z = -5*c + 1658. What is the tens digit of c?
3
Suppose 0 = 54*u - 432202 - 158504. What is the tens digit of u?
3
Let y(r) = -r**2 - r + 1. Let n(j) = 5*j**2 + 19*j + 15. Let t(o) = n(o) + 4*y(o). Let v = -2020 - -2000. What is the tens digit of t(v)?
1
Let y(r) = r**3 + 13*r**2 + 15. Let i(z) = -209*z + 495. Let h(q) = 8*q - 19. Let o(l) = 77*h(l) + 3*i(l). Let b be o(3). What is the hundreds digit of y(b)?
2
Let d be (1 - -2 - 5) + 640. Suppose 0 = 4*x - g - 844, 5*g + 417 = 5*x - d. What is the tens digit of x?
1
Let k(l) = -90*l + 16. Let t(f) = -30*f + 5. Let y(j) = -6*k(j) + 17*t(j). Suppose -2*g + 1 = 7, 5*g = 3*i - 27. What is the hundreds digit of y(i)?
1
Let r be 40/25*(4/8 + 2). Suppose -u + 615 = 2*z, -r*z + 315 = -3*z - 2*u. What is the tens digit of z?
0
Let f(o) = o**3 + 21*o**2 - 85*o - 7. What is the units digit of f(-19)?
0
Let k(t) = 2*t**3 - 96*t**2 - 212*t - 122. What is the thousands digit of k(53)?
6
Suppose 3*y = 8*y - 1050. Suppose -17138 = -y*i + 199*i. What is the tens digit of i?
5
Let q(h) = h**2 + 10*h + 16. Let d be q(-8). Let u be d - (1 - 1) - (41 - 274). Suppose 11*m + 24 = u. What is the units digit of m?
9
Suppose 3*l - 23*l - 7160 = 0. Let q = 1006 + l. What is the units digit of q?
8
Let b(y) = -467*y - 2954. What is the thousands digit of b(-34)?
2
Let j be 465/3*(2 - -2). Suppose -r - j = -6*r. Let p = r - 88. What is the units digit of p?
6
Let c(y) = -33*y**2 + 17*y**2 - 11 + 27*y + 18*y**2. What is the hundreds digit of c(-20)?
2
Suppose 5*k + 20 = 30. Suppose -4*u - 1610 = -9*u. Suppose k*c - 560 = -5*x, -5*x = -2*x + 4*c - u. What is the tens digit of x?
1
Suppose -9*f + 23*f - 98 = 0. What is the thousands digit of (-9736)/(-9) - (f - 650/90)?
1
Let g(u) = -5*u + 2809. What is the hundreds digit of g(51)?
5
Let f be 1/4 + 418/88. Suppose 2*x + 2*j = 6, 8*j = 5*x + f*j - 15. What is the units digit of x?
3
Let b(y) = 1650*y**2 + 192*y + 958. What is the tens digit of b(-5)?
4
Let n = 66 + -60. Suppose f - 1133 = -5*i, -10*f + n*f = -12. What is the tens digit of i?
2
Suppose 57 = 5*m + 377. Let p = -60 - m. Suppose 0 = -2*n - p*n + 744. What is the units digit of n?
4
Let a be (-9)/(-12) + (-1)/(16/12). Suppose 0 = -3*w - 3*l - 384 + 2472, w - 3*l - 692 = a. What is the tens digit of w?
9
What is the tens digit of (-32)/10*((-34290200)/(-160))/(-49)?
9
Let l(d) = 6*d**2 + 169*d + 382. What is the tens digit of l(-74)?
3
Let a = 417 - 243. Suppose 0 = 11*g - 10*g - a. Let d = g - 8. What is the hundreds digit of d?
1
Let d(o) = -o**2 + 8*o - 9. Let q be d(4). Let t be (-6)/(-5)*(q - (-45)/(-10)). Suppose -2*m + t = -217. What is the units digit of m?
0
Suppose 20 = 5*u - w, -6 - 9 = -3*w. Suppose 2*z + u*o - 84 = 0, -2*z + 2*o + 51 = -5. What is the units digit of z?
2
What is the hundreds digit of 4/(-22) + 2263/(-11)*-300?
7
Suppose -4*j + 52 + 160 = 4*v, -5*v - 141 = -2*j. Suppose -52 = -c + k, -c + 2*k = -2*k - j. What is the tens digit of c?
5
Suppose 0 = -15*k - 2*k + 24531. Suppose -k = -3*n - 3*p, -4*n + 4*p = -0*p - 1924. What is the units digit of n?
1
Suppose -12848 + 432932 = 66*o - 24*o. What is the hundreds digit of o?
0
Let x be (-2*1/2)/((-2)/4). Suppose -3 - 3 = -2*m. Suppose 5*v - 74 = -3*r, -m*v = -3*r + x - 32. What is the tens digit of v?
1
Let m(r) = 5313*r**2 - 46*r - 100. What is the units digit of m(-2)?
4
Let y = 94 + -90. Suppose y*i + 3*d - 921 = 0, i - 919 = -3*i - 5*d. What is the hundreds digit of i?
2
Let k(b) = b**3 + 66*b**2 - 234*b - 318. What is the thousands digit of k(-69)?
1
Suppose -6881 + 30476 = 5*o. What is the thousands digit of o?
4
Let n(r) = 2*r**2 - 16*r - 54. Suppose -3*p + 42 = 2*g - p, 89 = 4*g + 5*p. What is the tens digit of n(g)?
0
Suppose 4*v = 5*g + 4660, 110*g - 113*g + 2330 = 2*v. What is the thousands digit of v?
1
Let x = -32216 - -65277. What is the units digit of x?
1
Let g be (-5 + -9)*342/(-21). Suppose 12*z - 8*z - g = 0. What is the units digit of z?
7
Let d(l) = -21*l - 208. Let s be d(-10). Suppose -4*y = 5*t - 620, -s*y + 5*t + 310 = -0*t. What is the units digit of y?
5
Suppose 4*g + 16 = 0, -6*j - 3013 = -11*j - 3*g. Suppose -8 = -2*n, a + 0*n + n = j. What is the units digit of a?
1
Suppose 2*u = 3*i + 74, -26*i + 28*i + 124 = 4*u. Let l be (7/3)/((-2)/(-18)). What is the units digit of 1077/l + 1*(-8)/u?
1
Suppose m = v - 3312, 2*v + 37*m - 6634 = 34*m. What is the hundreds digit of v?
3
Let r(i) = 0*i + 1 + 6*i + 65 - 6 + 22. Let x = -1 - -1. What is the tens digit of r(x)?
8
Suppose -3*b + 28748 = l, 0*b - 2*b + 4*l = -19170. What is the units digit of b?
3
Suppose -4*x - 2*a - 144 = 2*a, -4*x + a = 144. Let b be (24/16)/(2/x). Let q = b - -44. What is the tens digit of q?
1
Let d be 1 - (-7)/((-70)/(-38090)). Suppose -227*m + 225*m = -d. What is the tens digit of m?
0
What is the units digit of (-32)/660 + (-10)/75 - (-37242)/99?
6
Suppose 0 = -46*p + 1016339 - 190455. What is the tens digit of p?
5
Let t(d) = 2*d**3 - 43*d**2 - 83*d + 20. What is the units digit of t(30)?
0
Suppose 48535 = -73*s + 53*s + 37*s. What is the units digit of s?
5
Let x = 27193 - 17487. What is the tens digit of x?
0
Let k(b) = -421*b - 1093. What is the hundreds digit of k(-12)?
9
What is the units digit of 32/(-56)*1584513/(-18)?
2
Suppose m = -66*m + 1683040. What is the hundreds digit of m?
1
What is the units digit of 970464/168 - (20/7)/5?
6
Let w(n) = -45*n + 82. Let a(b) = 2*b**3 + 7*b**2 + 4*b - 1. Let s be a(-3). What is the hundreds digit of w(s)?
2
Let j = 996 - 304. Suppose 24*o - 25*o + j = 0. What is the units digit of o?
2
Suppose -3*x + 12 = 0, 3*i - 10653 - 34436 = -2*x. What is the thousands digit of i?
5
Suppose 10*f - 32 = 2*f. Let c be 1 - ((-2)/f + (-1138)/4). Suppose 324 = 5*o - c. What is the tens digit of o?
2
Let b(y) = 2*y + 18. Let s(p) = 9*p + 4. Let r be s(-1). Let x be b(r). Suppose -278 + 1270 = x*j. What is the units digit of j?
4
Suppose 67*h - 188928 = 819824. What is the hundreds digit of h?
0